et h(o) = -5*o - 4. Determine h(v).
11
Suppose -2*k + 394 = 3*p - 6*p, 2*p = 4. Let o = k - -42. Let y(n) = 3 - 3*n**2 - 5*n + 1 + 243*n**3 - 2 - o*n**3. Give y(5).
27
Let m(o) = 2*o**3 + 4*o - 10. Let t be 16 + -4 + ((-42)/7 - 3). Calculate m(t).
56
Suppose -2*u = -3*j - 26, j - 12*u = -8*u - 22. Let f(q) = 7*q**2 - q + 8. Let k(t) = -13*t**2 + t - 14. Let h(v) = 11*f(v) + 6*k(v). Calculate h(j).
-2
Let w(a) = -9*a - 45. Suppose -59*b = 71*b. Determine w(b).
-45
Let h(o) be the third derivative of 1 + 0*o**3 + 55*o**2 + 1/30*o**5 - 1/40*o**6 - 1/24*o**4 + 0*o. Calculate h(1).
-2
Let z(c) = 112*c - 333. Let f be z(3). Let k(p) = -2*p**3 + 6*p**2 - 3*p - 10. Give k(f).
-19
Let g be 19/3 + (-22)/(-33). Let i(k) be the second derivative of -k**5/20 + 2*k**4/3 - 7*k**3/6 + 3*k**2/2 + k. What is i(g)?
3
Let z(g) = -g**3 + 9*g**2 - 10*g - 16. Let r be (1204/(-56) - -22) + 13/2 + 0. Determine z(r).
12
Let i(k) = 2*k**2 + 17*k - 27. Let h = 6592 - 6601. What is i(h)?
-18
Let j(d) = -2*d - 61. Let s be j(-34). Let l be (s - 2) + 10/10. Let y(g) = 0 + 0*g + g + 1. What is y(l)?
7
Let q(u) = -8*u. Let g(m) = -m**2 + 14*m - 9. Let d be g(13). Let f(w) = 2*w - d*w + 0*w + 3*w. Let p(o) = -5*f(o) - q(o). Give p(1).
3
Let x(a) = a**2 - 2*a - 1. Let i(l) = 14 - 57*l + l**2 - 15 + 55*l + l**2. Let h(u) = -i(u) + x(u). Suppose -1 = -5*j + 9. Give h(j).
-4
Let m(a) = 2*a**2 - 183*a + 3201. Let g be m(68). Let x(c) = -34*c + 144. Give x(g).
-26
Let r(f) = 53*f + 270. Let b(h) = 16*h + 90. Let u(j) = -7*b(j) + 2*r(j). Let a be u(-17). Let i(x) = -x**2 + 12*x + 8. Determine i(a).
8
Let p = 11079 - 11077. Let y(w) be the third derivative of -p*w**3 + 3/20*w**5 + 0 + 11*w**2 + 0*w + 11/24*w**4 - 1/120*w**6. Determine y(10).
-2
Let z(d) = -18*d**2 - 3. Suppose 18 - 12 = 3*w. Let q(f) = 37*f**2 - f + 7. Let s(j) = w*q(j) + 5*z(j). What is s(-1)?
-15
Let w(f) be the first derivative of 4*f**3 + 13 - 1/4*f**4 + 0*f + 13/2*f**2. Calculate w(13).
0
Let j be 1/(3/(-3)) + 1 + -5. Let d be -3 - (j - (0 - 2)). Suppose -2*z + d = 12. Let m(i) = i**2 + 6*i - 1. Determine m(z).
-1
Suppose -9 = -3*f + 4*c, f - 5*c + c = 3. Let x(n) = 2 - 5*n**2 - 6*n + 21*n - n**f - 14*n. Give x(-5).
-3
Let z(b) = 14*b**2 - b - 2. Let p(n) = -191*n - 2099. Let h be p(-11). Determine z(h).
52
Let n(l) = 7*l**3 - 10*l**2 + 4*l + 44. Let f(q) = -6*q**3 + 9*q**2 - 3*q - 37. Let r(a) = 6*f(a) + 5*n(a). What is r(6)?
-62
Let s(v) = 13 - v**3 + 8*v - 5*v**2 - v - 5. Let l(m) = 209*m**2 + 4*m + 4. Let f be l(-1). Suppose 0 = -4*k + 185 - f. Calculate s(k).
2
Let a = 62755 - 62750. Let o(z) be the third derivative of -z**5/30 + 3*z**4/8 - 3*z**3/2 - 4*z**2. Calculate o(a).
-14
Let r(v) = -20*v - 47. Let b be r(7). Let j = b - -191. Let p(l) = -2*l + 9. Give p(j).
1
Suppose -2*r - 17*b + 2 = -16*b, 5*b = 2*r - 2. Let c be -6 + (6 - r) - 6. Let v(i) = i**2 + 3*i - 21. Determine v(c).
7
Let v(i) = 36*i + 18 - 101*i + 18*i + 38*i. Give v(-4).
54
Let f(t) = -5*t + 1. Let d be f(-1). Let b(n) = 3*n - n**2 - 37804 + 3*n + 37803. Give b(d).
-1
Let r(v) = -179*v + 166*v - 5 + v**3 + 5*v**2 + 0*v**2 - v**2. Let h be r(-6). Let i(l) = -5*l**3 - 2*l**2 + 1. Calculate i(h).
-6
Suppose 0 = -72*v - 1606 + 1894. Let q(j) = 6*j**2 - 2*j + 5. Give q(v).
93
Let z be ((-73)/(-657)*6*14)/((-8)/12). Let c(j) = 5*j + 69. Give c(z).
-1
Let r(q) = q**3 + 2*q**2 - 4*q - 6. Let i be (-2)/4*(14 + -8). Let p be r(i). Let n(d) = 2*d**2 + 3*d - 1. Give n(p).
8
Let h = -124 - 89. Let l = h - -217. Let a(u) = -u**3 + 5*u**2 - 3*u + 2. Determine a(l).
6
Suppose -1 = -8022*i + 8021*i. Let p(h) = -2*h**2 + 4*h**3 + 2*h + 43 + 4*h**3 - 44. Give p(i).
7
Let l be (3 + 1 - 0)/2. Suppose 0 = -3*q - 3*c - 12, 4*q - q - l*c - 13 = 0. Let s(h) be the second derivative of -h**4/3 - h**3/3 + h**2/2 - 5*h. What is s(q)?
-5
Suppose -t - t = -60. Let p be 110/t*2*(-6)/(-4). Suppose 9*i = -p - 25. Let m(l) = 2*l**2 + 6*l + 5. Give m(i).
13
Let h(d) = d**2 + 9*d - 2 + 15*d**3 - 16*d**3 + 0*d**2 + 4*d**2 - 5. Suppose -2*c + 16 - 4 = 0. Calculate h(c).
11
Let o(j) = 3*j**3 - 17*j**2 + 9*j - 5. Suppose 3*h - 6*i - 3 = -8*i, 2*h = 2*i + 22. Determine o(h).
-10
Let j = -25 - -37. Suppose -4*x = -r - 0*x - j, 0 = -4*r + x - 3. Let f be r/((-8)/20*-5). Let c(o) = -o**3 - o**2 - o + 2. Determine c(f).
2
Let s = -18873 - -18884. Let a(j) = 2*j**2 - 22*j + 6. What is a(s)?
6
Let g(o) be the first derivative of -o**4/4 + 5*o**3/3 - o**2 + 3*o + 1. Let i be 1 + ((-285)/(-19) - 12). Give g(i).
11
Let g(v) = 2*v**2 + 4*v + 4. Let r be g(-2). Let s be (35 + -3)/r*2. Suppose 0 = -24*u + 20*u - s. Let p(y) = -y**2 - 7*y - 4. Determine p(u).
8
Let g(a) = -3*a**3 - 17*a**2 - 12*a**3 + 15 - 10*a**3 - 2*a**3 + 6*a + 24*a**3. Calculate g(-6).
15
Let a(m) be the second derivative of -5*m**3/6 + 11*m**2/2 - 2197*m. Let v(s) = 2*s - 4. Let o be (-8)/(-3) - (-1)/3. Let q(y) = o*a(y) + 8*v(y). What is q(-7)?
-6
Let v(b) = -3*b**3 + b**2 + 3*b + 3. Let m be -2 + 1 + 0 - (-25 - -20). Suppose -5*s + q = 5, m*s + q = 6*q + 17. What is v(s)?
25
Let f = 3263 + -3269. Let y(m) = m**3 + 3*m**2 - 2*m + 7. Determine y(f).
-89
Let m = -111 - -68. Let x = 41 + m. Let f(w) = -3*w**3 + 4*w**2 + w - 7. Let u(g) = -2*g**3 + 4*g**2 + g - 6. Let s(p) = -4*f(p) + 5*u(p). Give s(x).
-4
Let s(y) = y**3 - 7*y**2 + 15*y - 34. Let d = -9960 - -9966. What is s(d)?
20
Let k(q) = 13 + 17 + 2*q**2 - 25 + 21 - 11*q. Determine k(2).
12
Let s(p) be the first derivative of p**4/4 + 22*p**3/3 + 20*p**2 + 11*p - 4521. Give s(-20).
11
Let n(m) be the third derivative of -1/15*m**5 + 0 + m**2 + 13*m - 1/120*m**6 + 1/8*m**4 + 5/6*m**3. Calculate n(-4).
-7
Let x(f) = 11*f**2 + 8*f + 63. Let m(h) = -24*h**2 - 16*h - 134. Let q(d) = 6*m(d) + 13*x(d). What is q(10)?
-5
Let m(n) = -n**2 - 1 + 5*n - 4*n**2 + 61*n**3 + 60*n**3 + 2 - 118*n**3. Let z(b) = -4*b**3 + 3*b**2 - 6*b - 2. Let c(y) = 5*m(y) + 4*z(y). What is c(-13)?
-16
Let l(a) be the second derivative of -4*a**3/3 - 11*a**2/2 - 1633*a. What is l(4)?
-43
Let m be (0 - -7)/((-4)/(-28)). Let z = 55 - m. Let k be (-80)/(-12) - ((-2)/z - 0). Let t(b) = b**2 - 8*b + 7. Calculate t(k).
0
Let q(g) = g**2 - 6*g + 3. Let b(j) be the third derivative of j**4/8 - 19*j**3/6 + j**2. Let k = 12328 - 12320. Let t be b(k). Calculate q(t).
-2
Suppose -3*c = -4*c + u - 6, 0 = u - 1. Let h = -17 + 20. Let v(j) = 0 + 4 + 6 + j - h. Give v(c).
2
Let g(o) be the third derivative of 0*o + 2 + 1/2*o**3 - 1/12*o**4 - 12*o**2 - 1/60*o**5. Determine g(2).
-5
Let p(j) = j**3 + j**2 - 96*j - 186. Let r be p(-2). Let i(s) be the first derivative of -1/2*s**r - 2*s + 36. What is i(-2)?
0
Let u(o) = -6*o - 43. Let p(g) = -g**2 - 76*g + 1913. Let q be p(20). Calculate u(q).
-1
Let a(d) = d**3 - 2*d**2 - 4*d + 4. Suppose -51*x + 202 = -53. Suppose 55 - 70 = -x*p. Calculate a(p).
1
Let d(v) = 1268*v + 415. Let m(y) = -114*y - 38. Let i(w) = -6*d(w) - 67*m(w). What is i(-2)?
-4
Suppose -355*n = -178*n - 175*n, 0 = 2*m - 4*n + 8. Let s(y) = y**2 - 7*y - 39. What is s(m)?
5
Let i(n) be the second derivative of 21*n**3/2 - 253*n**2/2 + 4208*n. Give i(4).
-1
Let g(s) = -69 - 353*s + 111*s + 103*s + 133*s. Give g(-7).
-27
Let n(k) = -k**3 - 15*k**2 - 11*k + 47. Let v be n(-14). Suppose m + v*i = 8, -8*i + 7*i - 11 = -4*m. Let d(l) = -l**2 + 3*l - 1. What is d(m)?
-1
Suppose -49*f = 44 + 54. Let n(y) be the first derivative of 7*y**2 + 1. Calculate n(f).
-28
Let r(x) be the second derivative of x**7/840 - x**5/120 + x**4/4 - x**3/6 + 7*x**2/2 + 137*x. Let b(i) be the second derivative of r(i). Give b(0).
6
Let r(y) = 9*y**2 - 11*y + 9. Let m(x) = 32*x**2 - 32*x + 24. Let s(v) = 2*m(v) - 7*r(v). What is s(-7)?
-57
Let o(i) = i - 16. Suppose 17*g - 15*g - 36 = 0. Let p be o(g). Let r(c) = -14*c**3 + c - 3 - 8*c**p - 17*c**3 + 30*c**3. What is r(-8)?
-11
Let j(d) = 7*d + 1. Let h(o) = -14*o - 3. Let a(x) = -2*h(x) - 5*j(x). Let q(c) = -c**3 + 51*c**2 + 106*c + 2. Let n be q(53). Give a(n).
-13
Let a(o) = 11*o**3 - 6*o**2 + 10*o + 44. Let s(m) = -39*m**3 + 19*m**2 - 29*m - 131. Let l(b) = 7*a(b) + 2*s(b). Determine l(-5).
11
Let r(z) be the second derivative of z**5/15 - z**4/8 - z**3/2 + 4*z**2 + z. Let o(q) be the first derivative of r(q). What is o(3)?
24
Let n(u) be the first derivative of u**4/4 - 8*u*